hundreds digit of 120342?
3
What is the thousands digit of 396004?
6
What is the hundreds digit of 2222432?
4
What is the thousands digit of 763795?
3
What is the units digit of 800985?
5
What is the tens digit of 282099?
9
What is the units digit of 76786?
6
What is the tens digit of 6644371?
7
What is the hundreds digit of 336900?
9
What is the units digit of 3303668?
8
What is the hundreds digit of 4546724?
7
What is the hundred thousands digit of 15011707?
0
What is the tens digit of 135514?
1
What is the ten thousands digit of 10146829?
4
What is the units digit of 983606?
6
What is the hundred thousands digit of 14830536?
8
What is the thousands digit of 283851?
3
What is the thousands digit of 330323?
0
What is the hundreds digit of 11917?
9
What is the ten thousands digit of 3963945?
6
What is the millions digit of 3336951?
3
What is the thousands digit of 410947?
0
What is the ten millions digit of 10055088?
1
What is the millions digit of 23597398?
3
What is the hundred thousands digit of 1685419?
6
What is the ten thousands digit of 579663?
7
What is the units digit of 218380?
0
What is the millions digit of 5195971?
5
What is the hundreds digit of 67940?
9
What is the hundred thousands digit of 4078217?
0
What is the hundred thousands digit of 36074880?
0
What is the ten thousands digit of 136842?
3
What is the units digit of 1590446?
6
What is the hundreds digit of 15376088?
0
What is the thousands digit of 613474?
3
What is the hundred thousands digit of 25024005?
0
What is the millions digit of 2446350?
2
What is the thousands digit of 2853079?
3
What is the units digit of 2352252?
2
What is the tens digit of 5070429?
2
What is the tens digit of 1785378?
7
What is the ten thousands digit of 230190?
3
What is the units digit of 78087?
7
What is the thousands digit of 764031?
4
What is the hundred thousands digit of 186978?
1
What is the hundreds digit of 203625?
6
What is the tens digit of 12127252?
5
What is the hundred thousands digit of 12036176?
0
What is the hundreds digit of 3578951?
9
What is the hundred thousands digit of 1872242?
8
What is the ten thousands digit of 1004615?
0
What is the tens digit of 84695?
9
What is the millions digit of 18214462?
8
What is the hundreds digit of 1776126?
1
What is the ten millions digit of 15586216?
1
What is the hundreds digit of 526280?
2
What is the millions digit of 5219012?
5
What is the hundred thousands digit of 441138?
4
What is the tens digit of 4583706?
0
What is the tens digit of 3980274?
7
What is the units digit of 1190781?
1
What is the hundreds digit of 41032308?
3
What is the tens digit of 26616?
1
What is the ten thousands digit of 401131?
0
What is the units digit of 5706808?
8
What is the hundred thousands digit of 2974982?
9
What is the units digit of 4895315?
5
What is the units digit of 596995?
5
What is the thousands digit of 2281023?
1
What is the millions digit of 1640285?
1
What is the tens digit of 158690?
9
What is the hundreds digit of 838316?
3
What is the hundreds digit of 5846?
8
What is the tens digit of 806909?
0
What is the ten thousands digit of 96454?
9
What is the units digit of 16485125?
5
What is the ten thousands digit of 138219?
3
What is the millions digit of 10109948?
0
What is the ten millions digit of 40723718?
4
What is the hundreds digit of 434837?
8
What is the hundred thousands digit of 215665?
2
What is the hundreds digit of 736549?
5
What is the units digit of 100383?
3
What is the hundreds digit of 31297567?
5
What is the ten millions digit of 20608948?
2
What is the units digit of 497125?
5
What is the thousands digit of 160735?
0
What is the ten thousands digit of 4583802?
8
What is the ten thousands digit of 7228054?
2
What is the ten millions digit of 37798714?
3
What is the millions digit of 4516167?
4
What is the tens digit of 6081327?
2
What is the hundreds digit of 1170511?
5
What is the hundreds digit of 28887?
8
What is the tens digit of 1948467?
6
What is the ten thousands digit of 23467485?
6
What is the tens digit of 30940?
4
What is the hundred thousands digit of 390392?
3
What is the hundreds digit of 4307875?
8
What is the units digit of 453544?
4
What is the units digit of 764205?
5
What is the ten thousands digit of 51327?
5
What is the thousands digit of 233957?
3
What is the hundreds digit of 913581?
5
What is the ten thousands digit of 1603309?
0
What is the units digit of 991630?
0
What is the hundreds digit of 7912276?
2
What is the tens digit of 657294?
9
What is the millions digit of 13298227?
3
What is the hundreds digit of 99419?
4
What is the hundreds digit of 569123?
1
What is the ten thousands digit of 464600?
6
What is the hundred thousands digit of 5488086?
4
What is the tens digit of 10465681?
8
What is the ten thousands digit of 245863?
4
What is the hundred thousands digit of 166407?
1
What is the thousands digit of 10310658?
0
What is the hundreds digit of 4472679?
6
What is the thousands digit of 110041?
0
What is the units digit of 582576?
6
What is the tens digit of 849328?
2
What is the units digit of 8843725?
5
What is the hundred thousands digit of 141304?
1
What is the tens digit of 1778295?
9
What is the hundred thousands digit of 119932?
1
What is the ten thousands digit of 5024761?
2
What is the hundred thousands digit of 516673?
5
What is the hundreds digit of 4468155?
1
What is the tens digit of 12699861?
6
What is the thousands digit of 1026299?
6
What is the millions digit of 8088603?
8
What is the hundred thousands digit of 337349?
3
What is the units digit of 17569?
9
What is the hundreds digit of 450805?
8
What is the millions digit of 6264616?
6
What is the hundreds digit of 30508431?
4
What is the hundreds digit of 28240886?
8
What is the units digit of 8059769?
9
What is the ten thousands digit of 784144?
8
What is the units digit of 47931?
1
What is the hundred thousands digit of 1602442?
6
What is the hundred thousands digit of 2798809?
7
What is the units digit of 2887412?
2
What is the ten thousands digit of 34022?
3
What is the millions digit of 10081922?
0
What is the hundred thousands digit of 182177?
1
What is the tens digit of 151032?
3
What is the hundreds digit of 11115612?
6
What is the hundreds digit of 8101171?
1
What is the hundred thousands digit of 8944453?
9
What is the thousands digit of 3312447?
2
What is the millions digit of 1190350?
1
What is the hundreds digit of 174309?
3
What is the tens digit of 1562860?
6
What is the thousands digit of 29785?
9
What is the units digit of 1960170?
0
What is the thousands digit of 1356701?
6
What is the units digit of 28381875?
5
What is the units digit of 2526047?
7
What is the millions digit of 5579760?
5
What is the tens digit of 34488?
8
What is the ten thousands digit of 3163310?
6
What is the units digit of 70389?
9
What is the ten thousands digit of 24652021?
5
What is the thousands digit of 7237379?
7
What is the hundreds digit of 7322708?
7
What is the units digit of 227362?
2
What is the tens digit of 12388271?
7
What is the millions digit of 1481890?
1
What is the hundred thousands digit of 256563?
2
What is the hundred thousands digit of 13618528?
6
What is the thousands digit of 36385?
6
What is the millions digit of 6822675?
6
What is the ten thousands digit of 23006361?
0
What is the ten thousands digit of 224251?
2
What is the thousands digit of 5027967?
7
What is the ten thousands digit of 8414092?
1
What is the hundred thousands digit of 3578459?
5
What is the units digit of 999214?
4
What is the thousands digit of 5510520?
0
What is the thousands digit of 661328?
1
What is the hundreds digit of 4218?
2
What is the hundreds digit of 396456?
4
What is the hundreds digit of 213693?
6
What is the units digit of 32692120?
0
What is the ten thousands digit of 430932?
3
What is the units digit of 217995?
5
What is the hundred thousands digit of 3015053?
0
What is the thousands digit of 211840?
1
What is the hundred thousands digit of 252486?
2
What is the tens digit of 482102?
0
What is the units digit of 24167255?
5
What is the tens digit of 61084?
8
What is the thousands digit of 1339476?
9
What is the thousands digit of 19852693?
2
What is the thousands digit of 3761839?
1
What is the hundred thousa